531 a composite number?
True
Is 1153351 a prime number?
False
Is 23344273 composite?
True
Is 953081 a composite number?
False
Is 88591463 prime?
True
Is 39407239 a composite number?
False
Is 350891 composite?
False
Is 22282727 a composite number?
False
Is 116899439 prime?
True
Is 11631133 a composite number?
True
Is 16531441 a composite number?
True
Is 8332567 a prime number?
False
Is 24494291 composite?
True
Is 17256563 a prime number?
False
Is 23323757 composite?
True
Is 3012389 a composite number?
False
Is 7648178 a composite number?
True
Is 83204941 prime?
True
Is 3897541 a prime number?
False
Is 24950231 prime?
False
Is 40766167 composite?
True
Is 67501523 prime?
True
Is 229362995 composite?
True
Is 1344869 prime?
True
Is 25839679 prime?
False
Is 4924147 composite?
False
Is 24728365 a prime number?
False
Is 29270999 a prime number?
False
Is 852387 composite?
True
Is 11536177 a composite number?
False
Is 98982553 a prime number?
True
Is 6692759 prime?
True
Is 10056941 composite?
False
Is 37598657 prime?
False
Is 1531769 prime?
True
Is 160492277 prime?
False
Is 57460979 a prime number?
True
Is 18278899 a prime number?
True
Is 16258639 prime?
True
Is 28919573 prime?
False
Is 22664129 a prime number?
False
Is 36900763 a composite number?
True
Is 274627 a prime number?
True
Is 4394869 a prime number?
False
Is 53287513 a composite number?
False
Is 683311 prime?
False
Is 52711859 composite?
False
Is 154370201 composite?
False
Is 135904367 prime?
False
Is 13239301 composite?
False
Is 15019377 prime?
False
Is 140894707 prime?
True
Is 562227821 prime?
False
Is 12380583 a prime number?
False
Is 734593 composite?
True
Is 1384681 composite?
True
Is 5630719 a composite number?
False
Is 51465489 a composite number?
True
Is 4876301 a composite number?
False
Is 17483041 a prime number?
False
Is 8013029 composite?
False
Is 534161 prime?
False
Is 94396153 composite?
False
Is 8070529 prime?
False
Is 253350418 a prime number?
False
Is 130605211 prime?
False
Is 22731257 a composite number?
True
Is 79782889 a composite number?
False
Is 163689397 a prime number?
True
Is 393429 prime?
False
Is 799603 composite?
True
Is 42100469 prime?
False
Is 3248549 composite?
False
Is 133103233 prime?
False
Is 51045629 a prime number?
True
Is 115193843 a prime number?
False
Is 36878294 prime?
False
Is 156771903 a composite number?
True
Is 1184731 prime?
True
Is 5896037 a composite number?
True
Is 18119851 composite?
False
Is 1545769 prime?
True
Is 24978539 a prime number?
True
Is 5588411 a composite number?
False
Is 3431749 composite?
False
Is 1800707 a composite number?
False
Is 90882991 a composite number?
False
Is 371071049 composite?
False
Is 14981167 composite?
True
Is 1206379 a composite number?
True
Is 25433963 composite?
False
Is 456068867 a prime number?
False
Is 4049113 a composite number?
True
Is 22774091 prime?
True
Is 146245031 composite?
True
Is 135836291 prime?
False
Is 223409 a composite number?
True
Is 210398297 prime?
False
Is 143555641 prime?
False
Is 58933 composite?
True
Is 399023 a composite number?
False
Is 44686241 a prime number?
False
Is 8312077 a prime number?
False
Is 322475993 composite?
True
Is 25917173 prime?
False
Is 1744753 composite?
False
Is 5212261 composite?
True
Is 156300845 prime?
False
Is 980563 prime?
False
Is 1171921 composite?
False
Is 58068347 a composite number?
False
Is 12333437 a prime number?
True
Is 33796109 prime?
True
Is 5937511 prime?
False
Is 45338761 a prime number?
False
Is 10659479 composite?
False
Is 971195 composite?
True
Is 1067333 composite?
True
Is 2624903 prime?
False
Is 128744933 a composite number?
True
Is 57457757 composite?
True
Is 51777317 prime?
False
Is 98332547 prime?
True
Is 7283 composite?
False
Is 20136773 prime?
True
Is 2208481 a composite number?
True
Is 3591179 a prime number?
False
Is 5487883 prime?
True
Is 562295 a prime number?
False
Is 25161061 composite?
True
Is 26441251 a composite number?
False
Is 870367 a composite number?
False
Is 157261619 a prime number?
True
Is 309390899 prime?
True
Is 48287729 composite?
True
Is 610685755 composite?
True
Is 36474355 a composite number?
True
Is 2935021 prime?
False
Is 16234131 a composite number?
True
Is 68377471 prime?
False
Is 25480097 composite?
False
Is 529651 prime?
False
Is 145625471 a composite number?
False
Is 514337 prime?
False
Is 5604173 a composite number?
False
Is 3386039 prime?
False
Is 181695367 prime?
False
Is 200878243 composite?
False
Is 12847091 composite?
True
Is 123382693 a prime number?
False
Is 1132133705 a prime number?
False
Is 2008135 composite?
True
Is 3760357 a prime number?
True
Is 1076997 prime?
False
Is 25389863 prime?
True
Is 1335137 a prime number?
True
Is 268828937 composite?
True
Is 355591 composite?
False
Is 25798165 a prime number?
False
Is 1157759 composite?
False
Is 145308499 a prime number?
False
Is 11226757 a prime number?
True
Is 12304757 prime?
False
Is 326327873 composite?
True
Is 355782113 a composite number?
False
Is 289592503 prime?
True
Is 73253423 composite?
True
Is 2703101 prime?
True
Is 392874529 a composite number?
False
Is 1879543 prime?
True
Is 3714169 prime?
False
Is 422436413 composite?
True
Is 17378905 a composite number?
True
Is 414317 a prime number?
False
Is 257923843 composite?
False
Is 4134589 prime?
True
Is 119743609 prime?
True
Is 132935811 composite?
True
Is 8812769 composite?
True
Is 263229997 composite?
True
Is 42769141 prime?
True
Is 131941319 prime?
True
Is 388319 a composite number?
False
Is 14037533 a prime number?
True
Is 4213793 a prime number?
True
Is 474321817 composite?
True
Is 52887749 prime?
True
Is 167133 prime?
False
Is 80734813 prime?
True
Is 76391597 prime?
False
Is 5942393 a composite number?
True
Is 7086454 composite?
True
Is 17127773 a prime number?
False
Is 1106143 a composite number?
True
Is 92345287 a prime number?
False
Is 35502737 prime?
False
Is 465140269 a composite number?
True
Is 8430649 prime?
True
Is 192569 a composite number?
True
Is 7360013 composite?
False
Is 787107 composite?
True
Is 101197339 a prime number?
False
Is 1704749 a composite number?
True
Is 29925317 prime?
False
Is 6745715 a prime number?
False
Is 77342539 a composite number?
False
Is 32215873 composite?
True
Is 96567479 a composite number?
False
Is 1218599 prime?
False
Is 4686637 a composite number?
False
Is 32947939 composite?
True
Is 3410129 prime?
False
Is 561871019 prime?
True
Is 88855439 prime?
True
Is 10580617 a prime number?
False
Is 876956833 composite?
False
Is 28285721 a composite number?
True
Is 254744543 a prime number?
True
Is 2141603 a composite number?
False
Is 13584993 prime?
False
Is 845401 composite?
True
Is 5935097 composite?
True
Is 6102569 composite?
True
Is 19495055 a composite number?
True
Is 1397843 composite?
True
Is 1383061 prime?
False
Is 318953447 a prime number?
True
Is 16447657 a composite number?
False
Is 76575893 prime?
True
Is 527027 a prime number?
False
Is 49839007 a composite number?
True
Is 73164437 a composite number?
True
Is 12893203 a composite number?
False
Is 18919057 a prime number?
True
Is 20076959 prime?
False
Is 46221697 composite?
True
Is 28970393 composite?
False
Is 554078153 a composite number?
False
Is 6750781 a composite number?
False
Is 1198753 composite?
True
Is 91514855 a prime number?
False
Is 12371113 a composite number?
False
Is 68268419 prime?
False
Is 8644301 a prime number?
True
Is 83299 a prime number?
True
Is 51833677 composite?
True
Is 380591897 prime?
False
Is 41233769 prime?
True
Is 14395895 a prime number?
False
Is 78852707 composite?
True
Is 135300691 prime?
False
Is 30337903 prime?
True
Is 645166 a composite number?
True
Is 1484494243 a prime number?
False
Is 182732657 composite?
False
Is 10796479 prime?
False
Is 4376329 composite?
True
Is 158511662 a composite number?
True
Is 32152849 a composite number?
True
Is 606356369 a composite number?
False
Is 183450401 a composite number?
False
Is 7212157 a prime number?
True
Is 6365959 a composite number?
False
Is 238258049 composite?
False
Is 336541 prime?
False
Is 11887963 a prime number?
True
Is 88838159 prime?
True
Is 68963623 a prime number?
False
Is 1040969461 a prime number?
False
Is 11235041 composite?
True
Is 272386297 a prime number?
True
Is 294090737 a composite number?